V/Λ SELECT: Month and Year
OR > Month
Monthly Climatological Summary for Aug 2022
Name: Gatzen City: Groitzsch State: Sachsen
Elevation: 137 m Lat: N 51° 07' 23" Lon: E 012° 15' 03"
Temperature (°C), Rain (mm), Wind Speed (km/h)
Heat Cool Avg
Mean Deg Deg Wind Dom
Day Temp High Time Low Time Days Days Rain Speed High Time Dir
----------------------------------------------------------------------------------
01 22,8 29,9 16:41 17,4 23:59 0,0 3,0 0,7 1,5 19,2 14:55 WSW
02 23,0 34,0 15:57 15,2 02:55 0,0 4,4 0,0 0,6 12,6 16:18 WNW
03 25,4 39,1 17:58 14,6 05:46 0,0 6,9 0,0 0,8 15,9 12:24 SW
04 27,6 39,6 17:30 15,3 05:46 0,0 8,5 0,0 1,9 23,9 13:34 SSW
05 24,4 34,2 14:07 16,3 23:19 0,0 4,9 2,5 1,5 31,8 16:56 WSW
06 18,6 27,0 17:31 11,5 23:56 0,5 1,6 0,4 1,1 22,5 14:18 WNW
07 18,7 31,4 17:30 7,9 06:08 2,0 3,1 0,0 0,8 23,9 13:40 NNE
08 20,2 32,7 17:08 8,1 05:51 1,5 3,9 0,0 0,8 19,2 15:44 NNW
09 16,8 33,0 17:13 9,7 05:56 1,6 1,9 0,0 0,6 19,2 14:54 NNW
10 20,0 33,5 16:12 11,0 04:40 1,1 3,8 0,0 0,6 17,3 11:08 NNE
11 22,2 34,4 16:56 10,8 06:08 0,8 4,9 1,1 1,1 25,3 13:58 ENE
12 20,1 32,6 15:41 10,0 05:59 1,2 3,9 0,0 1,2 22,5 13:24 NE
13 20,6 30,5 18:12 11,3 05:59 0,7 3,2 0,0 1,1 20,6 11:26 ENE
14 24,3 36,3 16:09 13,8 05:41 0,1 5,9 0,0 1,0 27,1 14:24 NE
15 23,6 36,2 13:48 16,5 04:24 0,0 4,5 3,2 1,0 39,8 14:12 SSW
16 23,6 33,1 14:54 15,6 05:19 0,0 4,7 0,0 2,3 23,9 13:53 SSW
17 25,2 37,1 17:10 14,5 06:08 0,0 6,3 0,0 0,7 19,2 14:44 WSW
18 21,9 26,5 11:27 17,3 06:08 0,0 2,4 6,1 0,8 17,3 16:44 SW
19 20,1 22,3 14:58 17,5 12:43 0,0 0,4 10,1 0,9 15,9 10:24 WSW
20 19,7 24,4 15:07 17,4 03:40 0,0 0,8 8,3 0,6 11,2 10:51 SSW
21 21,0 30,2 17:38 14,7 23:56 0,0 2,7 0,0 0,4 14,5 13:15 NW
22 19,4 29,4 14:45 11,5 06:31 0,8 2,4 0,0 0,5 17,3 12:48 NE
23 18,7 29,7 18:22 10,9 06:11 0,9 2,2 0,0 0,3 14,5 13:50 WNW
24 21,5 33,3 17:11 11,9 05:50 0,6 4,1 0,0 0,5 12,6 12:58 E
25 23,6 34,9 17:07 14,5 06:18 0,0 5,1 0,0 0,9 22,5 16:10 NE
26 23,1 34,3 13:49 16,6 06:07 0,0 3,7 7,6 0,5 14,5 11:41 NNE
27 20,6 24,2 17:08 19,1 01:33 0,0 0,8 0,7 0,8 20,6 16:07 NNW
28 18,7 23,4 11:50 14,0 23:58 0,0 0,4 0,0 1,2 20,6 11:44 NW
29 18,2 29,1 16:40 9,9 06:22 1,3 2,1 0,0 0,7 17,3 10:56 WSW
30 17,8 28,9 14:07 9,8 06:10 1,5 1,9 0,0 0,7 20,6 15:45 N
31 17,4 24,9 13:07 11,3 06:29 0,8 0,9 0,0 0,9 19,2 12:11 NE
----------------------------------------------------------------------------------
21,3 39,6 4 7,9 7 15,4 105,3 40,7 0,9 39,8 15 WNW
Max >= 27,0 25
Max <= 0,0 0
Min <= 0,0 0
Min <= -18,0 0
Max Rain: 10,1 on day 19
Days of Rain: 10 (>= 0,2 mm) 6 (>= 2,0 mm) 0 (>= 20,0 mm)
Heat Base: 18,3 Cool Base: 18,3 Method: Integration