V/Λ SELECT: Month and Year
OR > Month
Monthly Climatological Summary for Mrz 2021
Name: Gatzen City: Groitzsch State: Sachsen
Elevation: 137 m Lat: N 51° 07' 23" Lon: E 012° 15' 03"
Temperature (°C), Rain (mm), Wind Speed (km/h)
Heat Cool Avg
Mean Deg Deg Wind Dom
Day Temp High Time Low Time Days Days Rain Speed High Time Dir
----------------------------------------------------------------------------------
01 2,7 4,5 14:50 1,3 05:51 12,3 0,0 0,0 0,5 11,2 15:11 NW
02 4,9 16,1 15:12 -0,4 06:40 10,1 0,0 0,0 1,0 11,2 08:57 SSE
03 6,9 16,7 15:58 -2,3 03:14 8,1 0,0 0,0 2,2 17,3 10:07 SW
04 6,0 10,4 09:50 1,8 23:22 9,0 0,0 6,8 2,2 17,3 06:52 W
05 2,5 9,1 15:24 -2,9 22:39 12,5 0,0 0,7 1,4 19,2 08:36 NW
06 1,6 8,9 13:49 -4,2 02:07 13,4 0,0 0,0 2,3 22,5 11:34 WSW
07 1,9 9,5 14:08 -2,6 05:56 13,1 0,0 0,0 3,1 19,2 12:27 WSW
08 2,6 11,2 14:11 -3,9 23:35 12,4 0,0 0,7 1,4 17,3 11:43 WNW
09 2,1 10,1 13:26 -3,8 00:00 12,9 0,0 0,0 1,8 20,6 11:38 S
10 4,8 12,0 14:10 1,1 06:23 10,4 0,0 0,0 1,6 17,3 14:28 SSW
11 8,6 14,3 16:27 3,8 00:00 6,4 0,0 0,4 11,8 51,0 13:17 SSW
12 7,6 10,8 12:19 4,3 23:45 7,4 0,0 2,2 9,7 47,7 11:14 WSW
13 7,1 11,6 12:42 4,4 00:00 7,9 0,0 2,5 15,4 65,1 11:59 SW
14 5,8 9,9 15:14 3,8 20:25 9,2 0,0 0,0 8,7 43,1 00:10 WSW
15 5,2 9,5 15:28 3,1 03:41 9,8 0,0 1,1 6,0 33,2 17:20 WSW
16 5,1 9,6 16:55 3,0 23:22 9,9 0,0 1,8 3,8 20,6 05:36 NW
17 2,2 5,0 14:34 0,2 23:57 12,8 0,0 1,4 1,3 14,5 18:34 NW
18 1,9 9,4 11:31 -2,8 05:29 13,1 0,0 2,5 1,0 23,9 13:57 W
19 1,3 7,1 12:20 -4,0 23:49 13,7 0,0 6,1 0,9 27,1 16:14 NW
20 -0,3 4,2 10:16 -6,5 03:07 15,3 0,0 3,2 2,2 17,3 21:25 SW
21 4,9 9,1 12:21 1,7 00:00 10,1 0,0 0,4 6,5 31,8 06:52 W
22 5,0 12,1 16:20 0,7 00:47 10,0 0,0 0,0 2,1 23,9 16:12 WNW
23 5,6 7,4 12:48 3,9 05:31 9,4 0,0 0,0 1,6 15,9 13:46 WNW
24 9,0 18,5 16:43 3,8 22:09 6,3 0,0 0,0 2,2 19,2 10:25 WSW
25 10,5 20,3 13:42 1,6 05:21 5,4 0,0 0,0 1,6 19,2 11:44 SW
26 10,5 20,4 16:15 2,9 04:39 5,3 0,0 0,0 2,2 22,5 09:55 SW
27 6,9 13,2 11:57 2,3 20:28 8,1 0,0 1,4 7,1 47,7 11:48 WSW
28 7,6 13,8 14:58 0,9 04:51 7,1 0,0 0,0 5,2 28,5 22:44 SW
29 14,1 23,6 15:58 8,6 06:58 2,6 0,4 0,0 4,6 31,8 14:17 SW
30 14,8 26,9 17:42 5,8 07:40 3,5 1,3 0,0 2,4 22,5 14:27 SW
31 14,7 30,4 17:17 1,3 06:44 4,4 2,1 0,0 1,1 20,6 12:41 WSW
----------------------------------------------------------------------------------
5,9 30,4 31 -6,5 20 291,9 3,8 31,2 3,7 65,1 13 WSW
Max >= 27,0 1
Max <= 0,0 0
Min <= 0,0 10
Min <= -18,0 0
Max Rain: 6,8 on day 4
Days of Rain: 14 (>= 0,2 mm) 6 (>= 2,0 mm) 0 (>= 20,0 mm)
Heat Base: 18,3 Cool Base: 18,3 Method: Integration