V/Λ SELECT: Month and Year
OR > Month
Monthly Climatological Summary for Mai 2020
Name: Gatzen City: Groitzsch State: Sachsen
Elevation: 137 m Lat: N 51° 07' 23" Lon: E 012° 15' 03"
Temperature (°C), Rain (mm), Wind Speed (km/h)
Heat Cool Avg
Mean Deg Deg Wind Dom
Day Temp High Time Low Time Days Days Rain Speed High Time Dir
----------------------------------------------------------------------------------
01 12,9 19,3 14:15 7,6 23:41 2,6 0,0 0,0 7,7 39,8 11:17 SW
02 9,5 15,4 12:46 5,6 05:16 5,5 0,0 3,6 3,4 31,8 14:13 SW
03 12,0 18,9 17:50 7,5 05:24 3,3 0,0 0,4 2,1 22,5 14:22 WSW
04 10,2 17,2 11:45 3,7 23:59 4,9 0,0 3,2 0,5 14,5 11:13 W
05 8,2 17,1 15:39 1,0 04:29 7,0 0,0 0,0 0,9 23,9 19:13 WNW
06 9,8 21,0 16:07 -0,5 05:45 6,3 0,0 0,0 0,9 15,9 11:41 WNW
07 12,1 24,4 16:45 1,3 06:13 4,9 0,5 0,0 0,8 17,3 14:37 WNW
08 15,1 27,4 15:57 3,7 03:42 3,7 1,7 0,0 0,8 15,9 16:29 W
09 15,3 26,9 14:24 3,9 05:57 3,3 1,4 0,0 0,6 17,3 14:57 E
10 15,2 17,9 19:45 0,0 16:34 0,1 0,0 1,8 1,1 1,4 20:30 SW
11 7,2 14,0 02:07 0,4 23:57 7,8 0,0 22,3 1,2 25,3 20:14 WNW
12 6,7 16,1 15:51 -1,6 04:24 8,3 0,0 0,0 1,3 23,9 11:33 WSW
13 10,0 18,2 14:17 0,5 05:21 5,3 0,0 0,0 0,8 15,9 12:33 WSW
14 11,0 18,9 17:44 4,3 23:58 4,3 0,0 0,0 0,9 17,3 07:17 WNW
15 10,3 19,6 14:42 0,6 04:59 5,4 0,0 0,0 0,7 14,5 11:57 NW
16 11,9 22,9 17:40 2,5 03:07 4,5 0,2 0,0 1,6 30,4 12:10 SW
17 13,9 22,7 17:18 6,8 05:12 2,9 0,3 0,0 1,3 20,6 14:40 WSW
18 16,2 27,3 17:17 6,6 04:10 2,6 1,4 0,0 2,4 28,5 18:14 SW
19 20,0 25,9 14:00 0,0 17:34 0,0 0,8 0,0 0,9 12,6 10:55 W
20 16,0 21,2 15:53 9,3 23:58 0,9 0,0 0,0 0,3 11,2 12:36 WNW
21 15,7 27,4 17:58 4,9 04:58 3,0 1,4 0,0 0,8 14,5 15:22 W
22 16,6 26,5 13:14 7,0 04:10 2,0 1,2 6,9 1,1 23,9 16:30 SSW
23 15,5 19,1 10:41 10,9 23:52 0,5 0,0 6,1 3,5 30,4 17:49 SW
24 13,9 20,1 16:07 10,3 05:08 1,9 0,0 2,2 5,8 38,4 11:23 SW
25 13,4 19,1 17:07 8,5 02:15 1,9 0,0 0,7 2,4 22,5 06:54 WSW
26 15,3 24,0 17:45 9,7 03:42 1,7 0,3 0,0 0,7 12,6 15:57 W
27 16,9 25,8 15:51 7,4 04:19 2,0 1,3 0,0 0,8 12,6 15:13 SW
28 15,7 22,5 15:38 9,9 23:58 0,9 0,1 4,0 1,1 22,5 10:58 W
29 15,0 23,9 17:07 5,2 05:07 2,6 0,5 0,0 1,2 23,9 12:40 ENE
30 14,3 20,2 12:14 7,7 23:58 1,8 0,0 0,0 1,2 22,5 11:34 NNE
31 14,3 25,1 18:07 5,0 03:49 3,1 0,6 0,0 0,7 14,5 13:42 WNW
----------------------------------------------------------------------------------
13,2 27,4 8 -1,6 12 105,0 11,7 51,2 1,6 39,8 1 WSW
Max >= 27,0 3
Max <= 0,0 0
Min <= 0,0 4
Min <= -18,0 0
Max Rain: 22,3 on day 11
Days of Rain: 10 (>= 0,2 mm) 7 (>= 2,0 mm) 1 (>= 20,0 mm)
Heat Base: 18,3 Cool Base: 18,3 Method: Integration