V/Λ SELECT: Month and Year
OR > Month
Monthly Climatological Summary for Apr 2019
Name: Gatzen City: Groitzsch State: Sachsen
Elevation: 137 m Lat: N 51° 07' 23" Lon: E 012° 15' 03"
Temperature (°C), Rain (mm), Wind Speed (km/h)
Heat Cool Avg
Mean Deg Deg Wind Dom
Day Temp High Time Low Time Days Days Rain Speed High Time Dir
----------------------------------------------------------------------------------
01 7,5 15,2 17:13 0,0 06:57 7,5 0,0 0,0 2,9 28,5 15:27 E
02 9,6 19,6 15:16 -2,0 06:49 6,2 0,0 0,0 1,7 36,5 23:11 SSE
03 13,6 22,5 15:36 7,3 06:45 2,9 0,2 0,7 1,6 41,2 00:09 W
04 11,3 21,5 16:57 4,4 05:13 4,8 0,1 0,0 2,0 15,9 02:37 WNW
05 11,1 16,9 16:30 0,0 16:23 2,8 0,0 0,0 0,7 11,2 15:20 NW
06 11,6 24,2 16:06 2,1 03:43 5,2 0,4 0,0 1,0 22,5 16:45 NNE
07 12,8 21,7 13:49 1,9 06:48 4,1 0,2 0,0 1,6 30,4 13:25 E
08 14,4 24,3 17:26 5,4 23:58 2,8 0,5 0,0 0,7 19,2 12:47 NE
09 8,4 16,6 16:14 1,6 06:55 6,7 0,0 0,0 1,0 19,2 15:58 NE
10 7,0 15,3 17:41 -2,5 06:29 8,0 0,0 0,0 2,3 30,4 15:31 E
11 4,0 9,7 10:48 -2,6 04:34 11,0 0,0 0,0 2,2 25,3 10:33 E
12 3,4 5,5 10:57 0,3 23:55 11,6 0,0 0,0 1,8 22,5 15:21 E
13 3,1 7,7 14:20 -1,6 23:59 11,9 0,0 1,1 0,8 19,2 19:39 ENE
14 1,7 5,1 18:57 -3,1 03:37 13,3 0,0 4,0 0,3 19,2 11:16 N
15 8,1 17,7 12:47 1,1 00:31 7,2 0,0 0,0 1,5 23,9 13:42 E
16 9,2 20,7 16:29 -2,2 05:32 7,0 0,0 0,0 1,4 19,2 16:20 ESE
17 10,6 22,4 16:31 -1,6 06:12 6,1 0,2 0,0 2,0 23,9 18:44 E
18 12,9 24,0 15:53 0,9 05:43 4,8 0,7 0,0 2,0 30,4 13:30 ESE
19 14,0 25,8 16:26 1,6 05:55 4,6 1,4 0,0 1,7 28,5 15:23 E
20 13,8 27,7 17:26 1,4 05:43 4,8 1,6 0,0 0,7 17,3 13:34 NNW
21 13,7 26,2 16:27 1,6 06:30 4,7 1,4 0,0 1,0 20,6 14:10 E
22 12,3 21,8 15:23 1,4 06:10 4,7 0,3 0,0 3,3 36,5 19:10 E
23 14,1 23,6 17:09 7,0 04:58 2,8 0,1 0,0 4,0 36,5 12:59 ESE
24 18,2 28,9 17:10 8,5 06:53 1,5 2,2 0,0 1,7 23,9 16:18 SE
25 18,3 29,2 16:31 5,9 05:55 1,7 2,4 0,0 2,0 44,5 00:14 SSE
26 14,5 23,6 13:36 8,0 06:26 2,4 0,3 4,3 2,5 35,1 15:15 W
27 11,6 19,2 16:53 7,7 00:28 3,8 0,0 9,4 2,9 41,2 14:36 SW
28 10,1 17,9 15:24 5,2 03:44 5,0 0,0 0,7 1,9 23,9 16:49 WSW
29 8,4 10,5 20:46 5,1 09:41 6,6 0,0 10,4 0,7 15,9 08:28 W
30 10,4 21,8 17:23 1,3 06:03 5,6 0,1 0,4 1,0 14,5 12:13 NW
----------------------------------------------------------------------------------
10,7 29,2 25 -3,1 14 172,1 12,1 31,0 1,7 44,5 25 ESE
Max >= 27,0 3
Max <= 0,0 0
Min <= 0,0 9
Min <= -18,0 0
Max Rain: 10,4 on day 29
Days of Rain: 8 (>= 0,2 mm) 4 (>= 2,0 mm) 0 (>= 20,0 mm)
Heat Base: 18,3 Cool Base: 18,3 Method: Integration