V/Λ SELECT: Month and Year
OR > Month
Monthly Climatological Summary for Nov 2016
Name: Gatzen City: Groitzsch State: Sachsen
Elevation: 137 m Lat: N 51° 07' 23" Lon: E 012° 15' 03"
Temperature (°C), Rain (mm), Wind Speed (km/h)
Heat Cool Avg
Mean Deg Deg Wind Dom
Day Temp High Time Low Time Days Days Rain Speed High Time Dir
----------------------------------------------------------------------------------
01 12,4 16,3 13:51 0,0 00:01 8,3 0,0 0,4 1,5 19,2 12:58 SW
02 7,3 11,4 13:36 3,9 23:56 7,9 0,0 4,3 4,4 36,5 13:41 WSW
03 6,8 10,9 14:12 3,3 00:21 11,5 0,0 0,4 0,8 12,6 19:58 SSW
04 6,1 9,0 14:56 3,0 04:17 9,0 0,0 0,0 3,2 22,5 10:42 S
05 7,4 9,7 12:14 5,3 23:44 9,9 0,0 12,2 2,2 19,2 09:58 S
06 5,4 7,7 10:40 3,5 07:49 12,6 0,0 0,0 1,3 22,5 10:20 SSW
07 3,7 4,4 14:40 0,0 00:04 13,4 0,0 4,0 1,0 14,5 13:58 SW
08 3,1 6,6 13:08 0,8 20:51 12,3 0,0 0,4 3,7 28,5 12:56 SSW
09 2,3 8,8 15:12 -1,8 05:01 13,3 0,0 0,4 1,7 20,6 12:26 S
10 2,1 2,6 23:57 1,3 00:01 13,3 0,0 4,3 0,4 11,2 12:51 NNW
11 2,0 4,8 17:51 0,2 23:13 13,6 0,0 0,0 1,3 17,3 10:21 NE
12 0,4 2,5 13:38 -0,9 02:58 14,5 0,0 0,0 0,1 9,4 16:55 NE
13 0,4 8,0 14:48 -4,5 23:38 14,5 0,0 0,0 0,3 11,2 12:02 E
14 -1,0 8,5 12:39 -7,3 06:53 15,8 0,0 0,0 0,9 14,5 13:48 S
15 2,7 9,1 20:33 -0,2 11:59 12,3 0,0 5,0 7,3 31,8 10:28 SSW
16 7,8 10,2 20:47 5,0 00:03 7,3 0,0 2,9 7,1 30,4 20:07 SSW
17 10,7 14,6 14:27 8,3 01:38 4,3 0,0 0,0 9,1 36,5 10:59 SSW
18 11,3 16,6 11:23 7,4 23:58 3,8 0,0 1,8 12,4 51,0 10:32 SSW
19 6,4 9,4 13:13 2,9 21:32 8,5 0,0 4,0 3,3 17,3 00:58 S
20 8,2 14,2 14:45 3,0 07:58 7,0 0,0 0,0 5,5 33,2 17:50 S
21 9,8 15,1 11:59 4,9 08:41 5,4 0,0 0,0 1,1 15,9 00:30 SSE
22 9,3 14,8 12:46 3,6 23:41 6,0 0,0 0,0 0,7 11,2 10:57 S
23 6,7 14,7 14:14 2,3 06:36 8,4 0,0 0,0 0,2 8,0 12:23 S
24 6,1 7,8 12:18 4,0 00:43 8,8 0,0 0,0 0,5 12,6 19:56 ENE
25 4,4 10,3 13:13 1,0 17:56 10,5 0,0 0,0 1,2 17,3 00:58 ENE
26 1,2 2,1 17:59 0,2 08:57 13,9 0,0 0,0 1,0 15,9 23:51 SW
27 3,1 8,4 13:45 -1,5 23:16 12,4 0,0 0,4 1,7 20,6 08:55 W
28 -0,6 6,0 13:20 -5,2 23:00 16,3 0,0 0,4 0,7 15,9 12:02 NW
29 -2,7 4,5 14:41 -6,3 03:40 18,3 0,0 0,0 0,8 11,2 13:35 SW
30 0,2 3,4 17:21 -5,2 01:07 15,4 0,0 0,4 4,6 28,5 17:16 WSW
----------------------------------------------------------------------------------
4,8 16,6 18 -7,3 14 328,5 0,0 41,3 2,7 51,0 18 SSW
Max >= 27,0 0
Max <= 0,0 0
Min <= 0,0 11
Min <= -18,0 0
Max Rain: 12,2 on day 5
Days of Rain: 15 (>= 0,2 mm) 7 (>= 2,0 mm) 0 (>= 20,0 mm)
Heat Base: 18,3 Cool Base: 18,3 Method: Integration