V/Λ SELECT: Month and Year
OR > Month
Monthly Climatological Summary for Nov 2015
Name: Gatzen City: Groitzsch State: Sachsen
Elevation: 137 m Lat: N 51° 07' 23" Lon: E 012° 15' 03"
Temperature (°C), Rain (mm), Wind Speed (km/h)
Heat Cool Avg
Mean Deg Deg Wind Dom
Day Temp High Time Low Time Days Days Rain Speed High Time Dir
----------------------------------------------------------------------------------
01 9,1 21,5 14:53 0,9 05:47 7,1 0,1 0,0 1,0 17,7 11:52 S
02 7,4 23,5 14:18 -0,9 07:43 8,9 0,2 0,0 0,3 11,7 00:28 S
03 5,5 21,7 14:17 -2,6 04:36 10,6 0,1 0,0 0,1 6,0 09:27 WSW
04 7,8 21,3 14:52 -0,2 05:07 7,7 0,0 0,0 0,3 8,6 12:57 S
05 11,4 23,1 14:22 6,1 22:52 4,7 0,2 0,0 0,2 7,3 12:02 SSW
06 12,3 21,5 14:43 5,6 00:35 3,6 0,0 0,0 2,1 20,7 12:56 SSW
07 16,7 23,9 14:08 12,4 01:13 0,4 0,3 6,1 3,6 25,1 22:49 SW
08 14,6 20,8 14:08 8,3 20:28 1,8 0,0 0,0 2,4 25,1 00:29 WSW
09 16,0 20,4 13:08 12,1 00:00 0,2 0,0 0,0 5,7 29,4 04:51 SW
10 15,8 17,4 10:23 14,8 02:48 0,0 0,0 0,4 5,6 28,1 17:36 WSW
11 14,2 21,7 15:02 9,8 20:20 1,4 0,0 3,6 2,3 20,7 01:59 WSW
12 12,5 17,9 13:36 10,8 02:17 2,8 0,0 0,0 3,2 20,7 03:23 SW
13 11,9 16,2 12:56 9,1 23:41 3,2 0,0 2,2 5,9 30,7 22:26 SSW
14 7,7 10,1 10:35 3,8 16:15 7,5 0,0 2,9 6,0 33,7 09:40 WSW
15 11,0 15,8 14:53 7,2 03:51 4,0 0,0 7,9 9,6 38,0 10:25 SW
16 12,2 18,0 00:02 9,5 21:15 2,9 0,0 1,4 4,7 29,4 04:15 WSW
17 13,0 16,5 13:41 9,9 05:15 2,1 0,0 2,9 8,5 36,7 12:54 SSW
18 13,8 16,0 01:45 10,5 23:50 1,4 0,0 0,4 9,5 64,8 05:13 WSW
19 12,0 15,9 11:55 8,2 23:46 3,2 0,0 8,3 6,9 39,7 10:04 WSW
20 7,1 9,2 10:46 4,1 21:50 8,2 0,0 4,0 1,8 19,0 03:17 WSW
21 4,2 8,7 12:36 1,0 17:57 11,0 0,0 0,0 2,6 19,0 10:26 SW
22 1,6 6,0 11:16 -0,6 17:57 13,9 0,0 0,4 3,3 22,0 10:48 WSW
23 0,7 2,0 11:17 -1,3 23:56 14,8 0,0 1,8 0,6 16,0 12:01 WSW
24 1,3 5,6 13:27 -2,5 05:06 14,1 0,0 0,4 5,3 30,7 23:26 S
25 3,1 5,4 13:27 0,5 22:47 12,3 0,0 0,0 5,4 23,3 00:11 SSW
26 2,9 9,3 14:57 -0,4 23:06 12,5 0,0 0,7 0,3 7,3 00:17 W
27 1,3 7,4 14:41 -1,7 23:31 14,2 0,0 0,4 1,3 16,0 10:31 S
28 1,4 4,8 15:23 -1,6 02:36 13,6 0,0 2,9 5,8 32,4 13:18 SSW
29 6,7 11,4 23:58 2,8 00:58 8,3 0,0 0,0 11,8 42,8 22:48 SW
30 7,8 11,6 00:08 5,6 08:13 7,1 0,0 10,1 6,8 44,1 22:54 WSW
----------------------------------------------------------------------------------
8,8 23,9 7 -2,6 3 203,5 0,9 56,8 4,1 64,8 18 SW
Max >= 27,0 0
Max <= 0,0 0
Min <= 0,0 9
Min <= -18,0 0
Max Rain: 10,1 on day 30
Days of Rain: 18 (>= 0,2 mm) 10 (>= 2,0 mm) 0 (>= 20,0 mm)
Heat Base: 18,3 Cool Base: 18,3 Method: Integration