V/Λ SELECT: Month and Year
OR > Month
Monthly Climatological Summary for Aug 2015
Name: Gatzen City: Groitzsch State: Sachsen
Elevation: 137 m Lat: N 51° 07' 23" Lon: E 012° 15' 03"
Temperature (°C), Rain (mm), Wind Speed (km/h)
Heat Cool Avg
Mean Deg Deg Wind Dom
Day Temp High Time Low Time Days Days Rain Speed High Time Dir
----------------------------------------------------------------------------------
01 19,0 31,8 17:00 7,9 02:28 2,0 3,2 0,0 0,3 11,7 14:57 NW
02 21,6 34,6 17:43 10,6 05:58 0,8 4,3 0,0 0,4 10,4 12:23 NW
03 23,9 36,9 17:00 12,3 05:28 0,4 5,9 0,4 0,5 13,4 15:58 SSW
04 24,9 36,9 16:13 15,1 05:38 0,0 6,1 2,5 2,1 25,1 18:28 SSW
05 21,7 30,7 17:19 15,4 23:58 0,0 2,7 0,0 0,6 11,7 13:44 NW
06 25,4 40,3 17:27 12,8 05:43 0,4 7,5 0,0 0,4 11,7 11:02 W
07 27,3 40,7 12:57 16,8 05:31 0,0 8,2 0,0 0,6 17,7 13:52 WNW
08 25,3 35,5 17:51 17,0 06:19 0,0 5,8 0,0 0,9 13,4 19:43 NW
09 24,1 33,9 16:55 17,5 06:13 0,0 4,6 0,0 0,5 13,4 15:59 NNW
10 26,8 38,4 16:15 16,8 06:00 0,0 7,2 0,0 0,8 11,7 11:19 NNW
11 25,3 34,2 17:39 16,6 05:34 0,0 5,7 0,0 1,0 17,7 13:14 NW
12 24,6 34,2 16:29 17,0 05:39 0,0 5,1 0,0 0,5 17,7 13:29 NW
13 25,7 35,6 17:34 16,6 05:49 0,0 6,3 0,0 1,0 16,0 13:19 NNE
14 26,8 39,1 16:05 20,5 05:14 0,0 6,9 1,8 1,3 26,4 18:14 SW
15 23,5 32,8 16:09 17,8 23:49 0,0 3,8 3,2 1,6 17,7 09:04 SSW
16 20,7 27,6 12:44 15,7 04:39 0,0 1,8 6,8 0,3 7,3 09:59 W
17 18,0 20,0 13:54 15,5 23:49 0,0 0,0 22,7 0,9 13,4 10:44 SSW
18 15,7 17,4 12:34 14,7 04:29 0,0 0,0 24,5 0,6 8,6 00:39 SSW
19 16,3 19,9 12:17 14,4 05:32 0,1 0,0 1,4 0,2 8,6 10:56 NW
20 18,0 26,0 17:33 13,1 23:58 0,1 1,1 0,4 0,3 10,4 15:04 W
21 18,9 31,2 16:17 10,4 05:48 1,3 3,0 0,0 0,3 10,4 14:12 NW
22 18,7 30,4 16:20 8,9 06:16 1,7 2,9 0,7 0,4 14,7 12:12 NNE
23 19,0 30,2 16:55 8,6 06:05 1,6 2,8 0,0 0,5 11,7 11:58 WNW
24 21,9 32,9 15:04 16,3 03:49 0,0 3,3 19,8 1,8 23,3 09:39 SSW
25 17,8 22,1 16:56 13,3 23:13 0,1 0,2 4,0 5,5 41,0 11:58 SSW
26 20,2 29,5 15:59 12,8 00:33 0,5 2,8 0,0 3,3 23,3 10:38 S
27 23,1 31,8 15:00 14,4 02:42 0,9 4,3 0,0 3,5 17,7 15:59 SSW
28 17,6 21,3 16:28 14,5 08:38 0,0 0,0 6,5 0,4 10,4 07:43 SW
29 19,7 30,5 17:21 11,2 06:18 0,7 2,7 0,0 0,3 8,6 11:37 WSW
30 24,7 39,7 17:16 14,6 06:31 0,0 6,5 0,0 0,2 7,3 10:39 SSW
31 27,6 41,6 16:57 17,5 05:56 0,0 8,3 0,0 0,2 7,3 10:56 SW
----------------------------------------------------------------------------------
22,1 41,6 31 7,9 1 10,6 123,0 94,7 1,0 41,0 25 SW
Max >= 27,0 25
Max <= 0,0 0
Min <= 0,0 0
Min <= -18,0 0
Max Rain: 24,5 on day 18
Days of Rain: 13 (>= 0,2 mm) 8 (>= 2,0 mm) 2 (>= 20,0 mm)
Heat Base: 18,3 Cool Base: 18,3 Method: Integration