V/Λ SELECT: Month and Year
OR > Month
Monthly Climatological Summary for Jun 2015
Name: Gatzen City: Groitzsch State: Sachsen
Elevation: 137 m Lat: N 51° 07' 23" Lon: E 012° 15' 03"
Temperature (°C), Rain (mm), Wind Speed (km/h)
Heat Cool Avg
Mean Deg Deg Wind Dom
Day Temp High Time Low Time Days Days Rain Speed High Time Dir
----------------------------------------------------------------------------------
01 14,5 19,3 08:38 10,8 22:54 1,3 0,0 8,3 1,7 19,0 06:28 SSW
02 18,0 27,1 18:01 9,4 03:29 1,3 1,5 0,0 5,1 36,7 11:14 SSW
03 21,9 29,7 17:40 13,6 23:56 0,0 3,1 0,0 3,0 29,4 12:08 SW
04 18,0 28,8 17:14 8,0 05:35 1,6 2,2 0,0 0,7 10,4 11:47 NNW
05 21,6 36,9 18:08 7,6 04:38 1,8 5,3 0,0 0,6 13,4 12:48 SSW
06 24,6 35,9 15:28 14,1 04:23 0,0 5,8 0,0 1,3 20,7 09:28 SW
07 19,1 25,1 16:23 13,7 22:48 0,1 0,7 1,1 0,7 13,4 12:43 NNW
08 14,6 21,8 11:56 9,2 04:53 1,7 0,1 5,8 0,9 14,7 08:57 NNW
09 14,6 19,8 12:43 10,9 05:58 1,5 0,0 0,4 0,9 14,7 11:08 NNE
10 17,5 26,8 17:43 10,7 23:58 1,1 1,4 0,0 0,8 17,7 14:23 NE
11 17,0 25,0 11:13 10,4 00:23 0,7 0,3 4,0 0,2 8,6 10:18 N
12 21,9 32,7 17:38 13,7 04:38 0,2 3,9 10,8 0,4 8,6 05:23 WNW
13 20,2 30,6 16:08 14,2 04:43 0,0 2,1 35,6 0,4 14,7 13:53 SSW
14 20,2 30,3 16:01 13,0 04:03 0,3 2,5 0,7 1,2 16,0 13:58 WSW
15 16,2 24,3 17:48 9,9 23:58 1,2 0,5 0,0 0,9 20,7 12:23 NW
16 13,6 21,3 12:13 6,8 03:43 2,9 0,1 0,0 1,0 17,7 16:23 WNW
17 14,8 24,2 16:08 5,1 05:18 3,0 0,7 0,0 1,0 16,0 16:53 SW
18 16,1 22,7 14:28 12,3 06:13 0,7 0,1 9,7 1,5 16,0 13:08 SSW
19 13,5 19,5 15:53 10,5 06:38 1,8 0,0 2,2 2,0 23,3 12:53 SW
20 13,0 20,0 16:48 10,5 04:13 2,3 0,0 1,8 1,7 20,7 17:33 SSW
21 14,7 20,1 15:38 10,3 04:43 1,5 0,0 0,0 2,0 22,0 16:43 SSW
22 14,9 19,3 11:14 11,9 23:54 0,7 0,0 9,0 3,3 22,0 16:43 SSW
23 12,9 18,9 18:14 6,5 05:34 2,5 0,0 14,8 2,8 25,1 10:49 SSW
24 13,9 21,4 18:34 9,2 23:48 1,8 0,0 0,7 2,1 19,0 10:44 SSW
25 17,3 27,3 16:38 6,6 04:08 2,1 1,9 3,2 1,2 13,4 16:03 SSW
26 19,0 27,6 14:43 10,9 04:14 1,0 2,0 2,9 1,1 19,0 12:58 SSW
27 18,6 23,3 18:29 15,9 03:53 0,0 0,4 4,0 1,4 17,7 11:29 SSW
28 18,5 28,3 18:18 10,6 05:33 0,7 1,5 0,4 0,8 14,7 13:54 W
29 21,3 32,6 16:14 14,7 05:08 0,0 3,2 0,0 0,9 16,0 12:09 SSW
30 21,7 31,2 15:53 14,4 05:24 0,0 3,4 0,4 0,5 10,4 11:44 WNW
----------------------------------------------------------------------------------
17,5 36,9 5 5,1 17 33,8 42,7 115,8 1,4 36,7 2 SW
Max >= 27,0 13
Max <= 0,0 0
Min <= 0,0 0
Min <= -18,0 0
Max Rain: 35,6 on day 13
Days of Rain: 19 (>= 0,2 mm) 12 (>= 2,0 mm) 1 (>= 20,0 mm)
Heat Base: 18,3 Cool Base: 18,3 Method: Integration