V/Λ SELECT: Month and Year
OR > Month
Monthly Climatological Summary for Jul 2013
Name: Gatzen City: Groitzsch State: Sachsen
Elevation: 137 m Lat: N 51° 07' 23" Lon: E 012° 15' 03"
Temperature (°C), Rain (mm), Wind Speed (km/h)
Heat Cool Avg
Mean Deg Deg Wind Dom
Day Temp High Time Low Time Days Days Rain Speed High Time Dir
----------------------------------------------------------------------------------
01 20,8 30,2 17:13 14,2 03:58 0,1 2,7 0,4 7,7 28,1 11:59 SW
02 20,5 30,2 16:48 12,5 05:48 0,4 3,0 0,0 3,2 17,7 13:23 WSW
03 19,9 28,1 15:57 12,3 04:13 0,4 2,0 0,0 6,4 35,4 16:08 SSW
04 20,8 28,4 16:18 14,6 02:23 0,0 1,9 0,0 3,3 16,0 09:58 SW
05 21,2 28,7 16:28 15,6 23:58 0,0 2,2 0,4 1,9 8,6 09:08 NW
06 20,5 30,0 16:23 12,9 05:28 0,3 2,9 0,0 2,6 13,4 14:58 NW
07 20,0 30,2 16:44 10,4 05:09 1,0 3,2 0,0 2,6 14,7 11:39 NNW
08 20,7 32,0 17:56 11,0 05:04 0,8 3,6 0,0 2,4 13,4 10:55 NNW
09 21,8 32,8 15:59 11,7 04:39 0,6 4,2 0,0 2,2 8,6 10:04 NNW
10 19,7 28,1 15:08 13,3 05:23 0,2 1,9 0,0 4,2 17,7 13:23 NNW
11 16,7 23,7 15:13 11,0 04:48 0,8 0,2 0,0 4,1 17,7 14:23 NW
12 18,2 27,5 16:33 10,3 05:18 1,1 1,9 0,0 3,1 14,7 09:59 NNW
13 18,9 28,7 14:54 10,0 03:18 1,1 2,4 0,0 2,7 11,7 13:38 NW
14 18,9 27,4 14:38 11,1 04:53 0,7 1,8 0,0 3,4 14,7 11:53 NW
15 19,2 29,0 17:49 6,9 03:24 0,4 2,1 0,0 3,7 13,4 10:19 NW
16 20,9 31,6 17:55 11,0 05:09 0,8 3,8 0,0 2,3 14,7 13:53 SW
17 21,4 32,8 18:19 11,4 04:49 0,7 4,1 0,0 2,0 11,7 14:53 NW
18 22,4 32,9 15:27 12,6 05:29 0,4 4,6 0,0 2,6 11,7 10:56 NW
19 22,1 39,5 15:52 12,2 05:27 0,4 4,2 0,0 2,7 17,7 13:55 NW
20 20,9 31,4 17:26 14,3 23:58 0,0 2,8 0,0 2,7 10,4 13:46 WNW
21 22,0 35,2 17:57 10,5 05:28 0,9 5,0 0,0 2,2 13,4 14:23 NNE
22 23,5 36,7 18:16 11,5 05:06 0,7 6,1 0,0 0,4 8,6 16:54 WNW
23 24,7 38,2 17:21 12,4 05:11 0,3 6,8 0,0 1,7 13,4 13:36 W
24 23,4 35,8 15:54 12,2 05:46 0,3 5,3 4,3 2,5 29,4 19:54 WNW
25 23,9 35,1 17:52 17,5 05:27 0,0 4,5 0,7 1,8 14,7 11:54 WSW
26 26,2 37,2 17:32 16,8 05:22 0,0 6,9 0,0 2,6 16,0 23:37 WSW
27 28,1 43,0 17:58 16,3 05:47 0,0 8,8 0,0 1,3 16,0 20:58 W
28 27,5 38,9 17:32 19,3 02:57 0,0 7,7 0,0 4,2 23,3 05:52 SSW
29 21,7 29,0 16:07 17,8 22:57 0,4 1,7 17,1 3,1 51,4 08:32 SW
30 22,0 30,1 16:58 16,6 06:12 0,0 2,9 0,0 7,9 25,1 10:37 SSW
31 20,6 26,0 15:26 15,5 23:46 0,0 1,5 0,0 6,7 36,7 11:51 SW
----------------------------------------------------------------------------------
21,6 43,0 27 6,9 15 12,8 112,7 22,9 3,2 51,4 29 W
Max >= 27,0 29
Max <= 0,0 0
Min <= 0,0 0
Min <= -18,0 0
Max Rain: 17,1 on day 29
Days of Rain: 5 (>= 0,2 mm) 2 (>= 2,0 mm) 0 (>= 20,0 mm)
Heat Base: 18,3 Cool Base: 18,3 Method: Integration